e s(5).
-12
Let o(j) = -j**3 - 3*j**2 - 5*j + 1. What is o(-4)?
37
Let f(q) = q**3 + 16*q**2 + 16*q - 293. Give f(-13).
6
Let q(r) = r**3 - 15*r**2 - 2*r + 21. What is q(15)?
-9
Let a(l) = -l**3 + 19*l**2 + 41*l. Give a(21).
-21
Let a(v) = 18*v + 18. Calculate a(-6).
-90
Let j(n) = -5*n**2 - 4*n - 3. Calculate j(-2).
-15
Let y(m) = -109*m**3 - m. Calculate y(1).
-110
Let w(q) = -42*q + 1684. Determine w(40).
4
Let h(r) = -r + 6. What is h(2)?
4
Let a(i) = -i**2. Determine a(2).
-4
Let v(t) = -2*t - 9. What is v(-3)?
-3
Let d(s) = -2*s**2 + 14*s + 17. Give d(8).
1
Let o(p) = -p**2 + 18*p - 36. Determine o(3).
9
Let v(t) = -12*t - 2. Calculate v(-3).
34
Let r(i) = i**3 - 2*i**2 - 11*i - 6. What is r(5)?
14
Let j(i) = i**3 + i + 1. Give j(2).
11
Let i(k) = -3*k**3 + 8*k**2 + 2*k - 5. Determine i(4).
-61
Let i(n) = -4*n**2 - 7*n + 8. Calculate i(1).
-3
Let y(r) = 5*r + 8. Give y(-5).
-17
Let g(h) = -h**3 + 9*h**2 - 7*h - 8. What is g(7)?
41
Let l(c) = 5*c**2 - 2*c + 1. Calculate l(1).
4
Let d(j) = 2*j**2 + 11*j + 11. Give d(-4).
-1
Let c(d) = d + 16. Give c(-5).
11
Let c(a) = a**2 - 5*a - 1. Calculate c(7).
13
Let k(g) = 4*g - 21. What is k(14)?
35
Let l(k) = 6*k**2 - 4*k + 4. Give l(1).
6
Let z(s) = -s**3 - 17*s**2 - 32*s - 33. Determine z(-15).
-3
Let d(t) = 3*t + 124. What is d(-34)?
22
Let s(m) = -3*m**2 - 24*m - 1. What is s(-7)?
20
Let p(a) = -2*a**2 - a. What is p(5)?
-55
Let c(p) = -p**3 - 5*p**2 - 6*p - 6. Give c(-3).
-6
Let s(t) = 2*t**3 - 2*t**2 - 2*t. What is s(3)?
30
Let j(h) = -h**2 + 2. Determine j(-3).
-7
Let d(l) = -3*l**3 - 5*l**2 - 5*l - 1. Calculate d(-3).
50
Let a(d) = -d**2 - 35*d - 144. What is a(-28)?
52
Let n(f) = -41*f. Give n(1).
-41
Let h(s) = -s**3 + 4*s**2 - 3*s + 1. Determine h(4).
-11
Let q(u) = 2*u**3 + 9*u**2 + 17*u + 100. What is q(-5)?
-10
Let x(w) = -2*w**2 + 16*w - 7. Give x(9).
-25
Let p(g) = 2*g**3 - 4*g**2 - 3. Determine p(3).
15
Let q(y) = -y**2 - 7*y + 2. Determine q(-7).
2
Let a(g) = g**2 - 3*g - 312. What is a(20)?
28
Let p(r) = -r**2 - 3*r + 5. Determine p(-7).
-23
Let g(a) = -5*a + 6. Calculate g(7).
-29
Let b(j) = j**2 + 4*j + 3. What is b(-11)?
80
Let g(q) = 11*q**2 - 2. Calculate g(-2).
42
Let y(j) = j**2 + 4*j + 5. Calculate y(-3).
2
Let f(n) = -n**2 + 3*n - 2. Determine f(4).
-6
Let n(t) = 2*t**2 - 24*t - 15. Give n(12).
-15
Let r(u) = 4*u - 24. Calculate r(7).
4
Let m(d) = -2*d + 8. Give m(7).
-6
Let m(i) = -i**3 - 24*i**2 + 31*i + 140. Calculate m(-25).
-10
Let o(p) = p**3 + 5*p**2 + 3*p + 8. Give o(-5).
-7
Let r(z) = -z**3 + 21*z**2 + 2*z - 34. Give r(21).
8
Let i(l) = l - 9. Calculate i(10).
1
Let b(h) = -h**2 + 5*h + 18. Give b(8).
-6
Let t(w) = -w - 5. What is t(0)?
-5
Let v(m) = -m**3 + 9*m**2 + 11*m - 12. What is v(10)?
-2
Let h(g) = -g**3 + 9*g**2 + 5*g + 9. Give h(10).
-41
Let v(x) = -8*x + 3. What is v(1)?
-5
Let v(g) = g**3 - 13*g**2 - 17*g + 35. What is v(14)?
-7
Let f(g) = g**3 + 7*g**2 + 4*g - 26. Give f(-5).
4
Let c(v) = 2*v - 39. Give c(30).
21
Let u(o) = -11*o + 2. Determine u(-1).
13
Let q(y) = -2*y**3 - 4*y**2 - 15*y - 58. What is q(-3)?
5
Let a(v) = -v**3 + 5*v**2 + 7*v. Calculate a(6).
6
Let s(i) = i**2 + 26*i + 82. Calculate s(-14).
-86
Let n(z) = -2*z**3 - 62*z**2 - 58*z + 53. Determine n(-30).
-7
Let m(o) = 20*o + 134. Determine m(-7).
-6
Let c(v) = -v**3 + 24*v**2 - 47*v + 61. Give c(22).
-5
Let q(m) = -12*m - 2. Determine q(1).
-14
Let n(t) = -4*t**3 + 4*t**2 + 3*t - 5. Give n(2).
-15
Let v(w) = -6*w - 88. Calculate v(-15).
2
Let b(z) = -z. Calculate b(9).
-9
Let n(d) = -d**2 - 6*d - 21. Give n(-5).
-16
Let w(b) = -4*b - 59. Determine w(-24).
37
Let l(q) = -q**2 + 11*q - 11. Determine l(9).
7
Let z(q) = -q**2 - 8*q - 10. Give z(-5).
5
Let j(c) = -4*c**3 + 5*c**2 - 5*c - 2. What is j(2)?
-24
Let z(y) = y**2 - 9*y - 2. Determine z(-4).
50
Let i(m) = -m**2 + 23*m - 107. Determine i(9).
19
Let m(p) = p + 40. What is m(0)?
40
Let j(u) = u**2 + 14*u + 14. Give j(-10).
-26
Let l(s) = -7*s - 8. Calculate l(-4).
20
Let n(k) = -19*k + 11. Calculate n(1).
-8
Let r(y) = -7*y**2 + 11*y + 9. Determine r(2).
3
Let n(l) = 2*l + 21. Give n(-9).
3
Let q(s) = -s**3 - 9*s**2 + 34*s - 27. Calculate q(-12).
-3
Let f(s) = -s**3 - 4*s**2 + 12*s + 21. Calculate f(-4).
-27
Let d(u) = u**3 + 31*u**2 - 97*u + 144. What is d(-34)?
-26
Let m(w) = -w**3 + 24*w**2 - 44*w - 35. Calculate m(22).
-35
Let f(h) = h**2 - 8*h + 19. Determine f(8).
19
Let t(u) = 3*u**3 - 2*u**2 - 3*u + 5. Determine t(2).
15
Let t(n) = 5*n + 123. What is t(-24)?
3
Let k(q) = 4*q**2 - q - 2. Calculate k(-1).
3
Let z(a) = -21*a + 137. Calculate z(10).
-73
Let o(t) = -t**3 - 5*t**2 + 5*t - 6. What is o(-6)?
0
Let b(r) = 26*r - 24. Give b(1).
2
Let w(f) = -16*f**2 - f + 8. Give w(2).
-58
Let m(a) = -16*a + 5. Determine m(2).
-27
Let r(v) = v**3 + 6*v**2 + 6*v + 9. Give r(-5).
4
Let l(x) = x**2 + x + 3. Determine l(-2).
5
Let x(r) = -22*r**3 - 4*r**2 - 3*r - 3. Give x(-1).
18
Let n(o) = -o**2 + 9*o + 14. Give n(10).
4
Let k(v) = -v**2 - 8*v + 18. Give k(-10).
-2
Let w(x) = x**2 + 2*x + 28. Determine w(0).
28
Let l(f) = f - 2. What is l(9)?
7
Let r(w) = -w**3 - 4*w**2 + 7*w + 1. What is r(-5)?
-9
Let i(w) = 3*w + 12. What is i(-8)?
-12
Let z(l) = -24*l + 2. What is z(1)?
-22
Let j(v) = -22*v - 24. Determine j(-1).
-2
Let w(l) = 12*l - 703. What is w(59)?
5
Let w(p) = -p**2 - 38*p + 34. Determine w(-39).
-5
Let h(k) = 8*k + 82. Give h(-10).
2
Let d(t) = -3*t**2 + 5*t. Calculate d(2).
-2
Let r(i) = -3*i - 8. Calculate r(-4).
4
Let z(o) = -16*o**2 - 14*o + 5. What is z(-4)?
-195
Let c(p) = 17*p**2 + p - 4. What is c(-2)?
62
Let q(n) = -6*n**2 + 2. Determine q(-2).
-22
Let y(i) = i**3 - 11*i**2 - 11*i - 6. Calculate y(12).
6
Let u(y) = -8*y**2 - 3*y - 2. What is u(-1)?
-7
Let f(l) = 3*l - 23. Determine f(7).
-2
Let j(u) = u**2 + 9*u + 5. Give j(-9).
5
Let p(m) = -m**2 + 4*m + 17. Determine p(4).
17
Let w(t) = 9*t - 41. Give w(-4).
-77
Let s(z) = -8*z**2 + 3*z - 2. Give s(1).
-7
Let a(s) = s**2 + s - 59. What is a(-9)?
13
Let d(i) = 26*i**3 - i**2. What is d(-1)?
-27
Let p(r) = -9*r + 1. What is p(1)?
-8
Let g(l) = -4*l**2 + 5*l - 16. Give g(6).
-130
Let l(f) = -5*f - 72. Determine l(-7).
-37
Let p(f) = 6*f - 23. What is p(7)?
19
Let s(c) = 7*c + 171. What is s(-25)?
-4
Let p(l) = -3*l - 1. Calculate p(-5).
14
Let h(k) = 6*k + 12. Calculate h(-6).
-24
Let v(a) = -13*a. Calculate v(-1).
13
Let o(y) = -y**3 - 13*y**2 - 18*y - 20. What is o(-12)?
52
Let h(u) = -u**3 + 13*u**2 - u + 10. Determine h(13).
-3
Let b(t) = 2*t**2 + 28*t - 33. What is b(-15)?
-3
Let x(y) = -y**3 - 7*y**2 - 11*y - 15. Calculate x(-6).
15
Let j(g) = 4*g - 7. Give j(-3).
-19
Let m(k) = 13*k - 41. Give m(4).
11
Let n(z) = -z**3 + 10*z**2 + 3*z - 11. What is n(11)?
-99
Let f(r) = -r**2 + 10*r - 16. Calculate f(11).
-27
Let v(s) = 3*s + 30. What is v(-10)?
0
Let x(h) = -h**2 + 12*h + 1. Calculate x(13).
-12
Let b(l) = -9*l + 22. Determine b(3).
-5
Let z(r) = -23*r + 1582. Give z(69).
-5
Let t(q) = q**2 - 19*q + 18. What is t(15)?
-42
Let t(w) = 2*w**2 + 18*w + 6. Calculate t(-12).
78
Let x(f) = -f**2 - 10*f + 10. Give x(-8).
26
Let k(g) = g**3 + 29*g**2 - 32*g - 36. Determine k(-30).
24
Let j(y) = 15*y**3 + y**2 - 3*y + 1. Determine j(1).
14
Let v(q) = -q**2 + q - 4. Calculate v(3).
-10
Let i(c) = -12*c. Calculate i(2).
-24
Let a(r) = -2*r - 24. What is a(11)?
-46
Let m(i) = i**2 + 7*i - 60. Give m(4).
-16
Let h(t) = 39*t**3 - t**2. What is h(1)?
38
Let n(f) = 2*f**2 + 21*f - 23. Calculate n(-11).
-12
Let y(x) = -2*x**3 + 16*x**2 + 4*x - 20. What is y(8)?
12
Let j(c) = -c**2 + 19*c - 12. What is j(18)?
6
Let h(p) = 4*p + 64. Give h(-7).
36
Let v(x) = -x + 3. Calculate v(13).
-10
Let w(r) = r**3 - 5*r**2 + 2*r - 5. Determine w(5).
5
Let t(m) = m**2 + 20*m + 4. Determine t(0).
4
Let k(h) = -h**2 - h + 15. Determine k(-11).
-95
Let v(z) = 14*z + 113. Give v(-7).
15
Let j(u) = -u**3 - 10*u**2 - 11*u + 6. Calculate j(-9).
24
Let t(y) = 2*y**2 - 11*y + 7. Give t(2).
-7
Let k(r) = -3*r**2 - 2*r + 4. Give k(-3).
-17
Let n(z) = 6*z - 4. Determine n(6).
32
Let s(g) = 22*g**3 - 12*g**2 + 10*g + 2. What is s(1)?
22
Let w(o) = 5*o + 6. Determine w(-3).
-9
Let x(w) = 2*w - 15. Give x(7).
-1
Let x(r) = r**2 + 4*r - 18. What is x(-6)?
-6
Let c(u) = 11*u - 6. What is c(5)?
49
Let x(